)/(-570)*(-10)/(-4). Suppose i*d - s = d. Is d a composite number?
True
Is 3040 - 154/98*7 a composite number?
True
Let d(m) = 8 + 1 - 2 - 5*m**2 + 68*m**3 - 6*m - 74*m**3. Is d(-5) composite?
True
Let y be ((-168)/(-10))/((-8)/(-100)). Suppose 2*m = 2*x + 82 - y, -x - 2*m + 49 = 0. Is x a composite number?
False
Suppose 0 = -36*o + 27850 + 47786. Is o a composite number?
True
Let b be ((-3)/(-2) - -1)*2. Let v(n) = -b - 2*n - 28*n - 2*n + 0. Is v(-6) a prime number?
False
Suppose 2*d + 7*u - 66363 = 0, -4*d - u = 3*u - 132776. Is d prime?
True
Let h = -814 - -1159. Let w = h + 182. Is w a composite number?
True
Suppose -11126 = -3*z - 2*n - 1629, -z = n - 3164. Suppose -4*p + z = p - 3*q, 5*p - 2*q = 3171. Is p a prime number?
False
Suppose -3*y + 392 = -856. Let s = y - -75. Is s composite?
False
Let a(v) = 2*v**3 - 6*v**2 - v + 6. Is a(11) a prime number?
True
Suppose -5*q = 3*m - 50518, m - 5*q - 13845 = 3001. Is m composite?
True
Suppose -9*q + 1294 = -7*q. Is q a composite number?
False
Let c = -7 + -3. Let f be ((-12)/c)/(16/40). Suppose -5*r + 2134 = f*j - 2*j, 4*r = 4*j + 1712. Is r prime?
False
Is (-3 - 4026/24)*2*-2 a composite number?
False
Suppose 136*t = 130*t + 22746. Is t prime?
False
Let l be 3517/9 + (-4)/(-18). Let c(h) = -h**2 - 9*h + 39. Let u be c(-12). Suppose 368 = u*b - l. Is b composite?
True
Let f(p) = 12*p**3 - p**2 - p + 1. Let v be f(1). Suppose 0 = 3*u - v - 91. Suppose 82 = 4*n + 2*k, n = 2*n + 5*k - u. Is n composite?
False
Let w be (-4)/3*-3 - 1. Suppose 5*a = w*p - 19, 0 = -2*p - 5*a + 2 - 6. Suppose -5*c + p*h + h + 147 = 0, 2*h = -2*c + 66. Is c a prime number?
True
Let f = 815 - -434. Is f composite?
False
Let y = -18443 + 27484. Is y composite?
False
Suppose -36969 = 7*a - 10*a. Is a a prime number?
True
Suppose -4*k - d - 4*d = -104, 2*d - 71 = -3*k. Suppose -2*j = j - k. Let y(i) = -i**3 + 7*i**2 + 6*i - 9. Is y(j) prime?
False
Let m(k) = 104*k + 25. Suppose -7*w - 1 = -22. Let i = w + 3. Is m(i) a prime number?
False
Suppose -2*j = -7*j + 1350. Suppose -3*f + j = 48. Suppose f + 91 = 5*b. Is b a prime number?
False
Let l be (4/(-12)*1)/(1/(-6)). Suppose 2*r = -l*d + 2212, -d - 5*r = -3*d + 2247. Is d prime?
False
Let p(m) = 3*m**2 + m. Let l be p(-2). Let w be (1 - -92)*3/9. Let h = w - l. Is h a composite number?
True
Is (-2)/(2/(-839)) - (-148 + 148) composite?
False
Suppose 6*u + 4*v = 2*u + 1768, -4*u - v + 1768 = 0. Let x = 1913 - u. Is x composite?
False
Let q = -12405 - -24502. Is q composite?
False
Is 6/(-18)*2*(-16914)/4 prime?
True
Let a be (-1)/4 - (-6596)/16. Let t = 1569 - a. Is t a composite number?
True
Suppose -18*q + 13*q + 49609 = 2*y, -4*q + 39680 = 4*y. Is q a prime number?
True
Let q = 96 - 147. Is 34/q + 1403/3 prime?
True
Suppose -191 = -390*d + 389*d. Is d a prime number?
True
Let m(f) = f - 12. Let w be m(13). Suppose -9 - w = -5*p. Is -4 + 160 + p - -1 a composite number?
True
Let l be 4 + (3 - (24 - 4)). Let r(g) = g**2 - 2*g - 10. Is r(l) a composite number?
True
Suppose -2*c - 2 = -8. Suppose -4*j = -c*j - 105. Let f = -16 + j. Is f prime?
True
Suppose 213*k - 1607715 = 186*k. Is k a composite number?
True
Suppose 0 = -15*l - 5*l + 9380. Is l a composite number?
True
Let z be 19/3 + 11/(-33). Suppose -4327 = -z*g + 9275. Is g a composite number?
False
Let w = 205 - 120. Let v(i) = -i**3 + 6*i**2 - 3*i - 2. Let y be v(4). Let s = w - y. Is s composite?
False
Let m = 3072 - 2129. Is m a prime number?
False
Let z(b) = b. Let m be z(2). Suppose -m*r + 47 = -35. Let k = r + 2. Is k prime?
True
Is ((-47)/3)/((-9)/459) prime?
False
Let b = 21 - 36. Let m = b + 84. Is m prime?
False
Let x be 324/42 + 4*1/14. Suppose -42 = x*z - 2114. Is z prime?
False
Suppose -2 = a - 3*a - 4*u, -4*a + 22 = -u. Let h = -7 + a. Is (502/h)/(4/(-4)) a composite number?
False
Let z(d) = 6 + 6 - d**3 - 2 + 13*d**2 - 9*d + 5. Let f be -3 + (-20)/(-4) + 10. Is z(f) a prime number?
False
Suppose 2*h + 0*h = -2*j + 454, 0 = -3*j + 12. Let x = h - 62. Is x a prime number?
False
Let r(w) = -144*w - 25. Let y(j) = 72*j + 13. Let f(u) = 6*r(u) + 11*y(u). Is f(-5) prime?
True
Suppose f + 14 = 2*t + 5, -9 = -5*t - 2*f. Suppose 0 = 2*u + t*k - 850, -3*k - 818 = -2*u + 2*k. Is u prime?
True
Let b = -57787 + 93168. Is b a prime number?
True
Let g(x) = -1717*x - 3. Is g(-6) prime?
False
Suppose q - 3*y = -2*q, 12 = 3*q + 3*y. Let k(r) = r + 28*r**2 + 8*r**2 + q + 0*r**2. Is k(-1) a composite number?
False
Let m be (-12)/(-3) - (-4476 - (6 - 3)). Suppose -m = -4*l - p - 0*p, -3*p = -4*l + 4487. Is l a composite number?
True
Suppose 3*z = 3*v + 44223, -v - 5*z = -3*z + 14732. Let j = -10499 - v. Is 5/(-20) - j/(-12) composite?
False
Let c = 8 + 30. Let m = 9 + 15. Let i = c - m. Is i prime?
False
Let r = -20 - -23. Let t = 7 - r. Suppose l - 194 = -5*p + t*l, -2*p + 4*l = -86. Is p prime?
True
Suppose 0 = 4*y - 5 - 3. Let s be 20*((-130)/(-4) + y). Suppose -5*v + 2*x + 3427 = -0*v, -s = -v + 5*x. Is v prime?
False
Is 53*241 - (-35 + 41) a composite number?
True
Let f(m) be the second derivative of m**6/18 + m**5/60 + m**4/24 + m**3/3 - 6*m. Let a(n) be the second derivative of f(n). Is a(-1) a composite number?
False
Suppose 21*t - 154726 = -t. Is t composite?
True
Let q = -59 - -56. Is (-535)/q - -1*(-2)/(-3) composite?
False
Suppose -3 = 2*d - 0*x - 5*x, 8 = 5*d + 3*x. Let a be (-967)/d - (8 - 6). Let v = 1388 + a. Is v composite?
False
Let z be (-2952 - 1)/((0 - 2) + 1). Let m = z - 2088. Is m a composite number?
True
Suppose -4*d + 2111 = 4*u + 59, 0 = -5*d - 2*u + 2577. Let n be 28*12 + -1 + -1. Let v = d - n. Is v a composite number?
True
Let m = -10414 + 18213. Is m prime?
False
Let g(b) be the second derivative of 3*b**4/4 - b**3/3 - 2*b**2 + 6*b. Is g(-9) prime?
True
Suppose 0 = 3*t - 4*s - 35569, 3*s = -2*t + 5*t - 35574. Is t prime?
True
Suppose -96103 = -5*i - 3*g, 19219 = i - 7*g + 8*g. Is i a prime number?
False
Let s(f) = -56*f**2 - 3*f + 10. Let v(r) = 113*r**2 + 5*r - 20. Let n(k) = 5*s(k) + 3*v(k). Is n(-5) a prime number?
False
Suppose 19*s - 129246 - 848285 = 0. Is s a prime number?
True
Suppose -265*h = -267*h + 8396. Is h composite?
True
Let w = -6129 + 2091. Is (w/(-18))/(2/6) a composite number?
False
Let w be (-3 + 2)/(1*3/2811). Let q = 424 - w. Is q prime?
True
Suppose 4*v = l - 5301, -5*v + 3 - 8 = 0. Is l composite?
False
Let w(g) = 70*g**2 + 4*g - 2. Let d be w(-4). Let c = d + -425. Is c prime?
True
Suppose 6*q + 1889 - 9911 = 0. Is q composite?
True
Let v = 47678 - 20323. Is v a prime number?
False
Let t = 3 - -8. Let f = t + -8. Suppose 3*r + f*h - 779 = 5*h, -2*h = -r + 253. Is r a composite number?
False
Let z be -25 - -3*(-6)/(-9). Let y = 214 + z. Is y a prime number?
True
Let y(p) = -78*p**2 - 2*p - 2. Let u(v) = v**2 - 10*v + 12. Let b be u(9). Let r be y(b). Let d = r + 1231. Is d prime?
True
Let i = 206 + 368. Let h = -371 + i. Is h a prime number?
False
Let z = -3322 - -4761. Is z a composite number?
False
Suppose -2*d + 35 = 3*d. Suppose -d*x + 196 = -3*x. Suppose t + t - 5*h = x, -4*t + 3*h + 133 = 0. Is t a prime number?
True
Let m = -28 - -39. Suppose 0 = -m*h + 16*h - 5135. Is h prime?
False
Let w = -296 - -853. Is w a prime number?
True
Let w(v) = 2520*v**3 + v**2 - v + 1. Is w(1) a prime number?
True
Let g be (4/(-6))/((-43)/(-33411)). Suppose 0 = 3*p - 12, 5*u + p + 0*p - 8349 = 0. Let l = u + g. Is l a composite number?
False
Let s = 22 + 17. Let v be (260/s)/((-2)/39). Let c = v + 195. Is c a prime number?
False
Let p(i) be the second derivative of 11*i**7/2520 + i**6/90 + i**5/60 - 7*i**4/12 + i. Let a(h) be the third derivative of p(h). Is a(-9) prime?
True
Let g = -26 + 24. Let w(f) = -100*f**3 - 4*f**2 - 2*f + 3. Is w(g) prime?
False
Let s be 6/(-10) - (-2769)/15. Let i = s - 105. Is i a composite number?
False
Let y = 2935 - 1595. Suppose j - y = 1475. Is j prime?
False
Let i = 78 - 38. Let k = i + -24. Let t(n) = 5*n + 3. Is t(k) a prime number?
True
Let l = -21 - 172. Suppose -2*b + 2 = -16. Is l/(-5) + b/(-15) composite?
True
Let u be -7 - -5 - 4/(-2). Suppose u = -0*d - 2*d. Suppose l = -2*y + 19 + 368, 3*l + 3 = d. Is y prime?
False
Suppose -3*p + 40558 = n, 0 = -2*p + p - 5. Is n a prime number?
False
Is 176/(-36) + 8/(-72) + 4206 prime?
True
Let j(m) 